 Suppose n = 5*i - q, 2*n = i - 1271 + 280. Suppose 5*g + c - i - 57 = 0, -g = 3*c - 202. Is g composite?
False
Is 6/(-4)*(1 + 3003509/(-51)) composite?
False
Let c be (-40174)/14 + 24/(-56). Let d = 4231 + c. Is d a composite number?
False
Is 81459 - (9/(-1))/(6/(-4)) - -4 a composite number?
False
Let j = 140574 - 16813. Is j a prime number?
False
Let o = 5379 - 1174. Let u = -125 + 128. Suppose 2*z - 6*z = a - 1383, -u*a + 2*z + o = 0. Is a composite?
False
Let v(i) = -104689*i + 247. Is v(-6) prime?
False
Suppose 141*u - 3324801 = 8581944. Is u prime?
False
Let p be (-282)/(-8) - -3*1/4. Suppose -13 = 5*t + 2*v - 55, 0 = -5*t + 4*v + p. Suppose t*k - 170 = -58. Is k prime?
False
Suppose -2*k - 3*b = -130, -b = -0*b - 2. Let v(d) = -14 + 33 + k*d**2 - 8 - 8. Is v(-2) prime?
True
Let v = 10643 + -6742. Is v prime?
False
Suppose -4*k = -3*k - 1949. Let y = -1531 + 589. Let d = k + y. Is d a prime number?
False
Suppose 0 = -5*o + 4*h + 16, 5*o = -3*h - 4 - 8. Let n = o - 0. Suppose 5*v + 0*y - y - 1273 = 0, -5*v + 3*y + 1279 = n. Is v prime?
False
Let t(r) = 13*r + 2. Let i be t(1). Suppose -12*b + s = -i*b + 8501, -2*s - 8495 = -3*b. Is b a prime number?
True
Let q(t) = 75 - 13*t**2 + 9*t - 40 - 32 - 2*t**3. Is q(-10) prime?
True
Suppose -5*t - 67 = 3*w, -3*t = 4*w + 43 + 28. Let a = -11 - w. Suppose -2 = 2*u, -a*g - 164 + 2791 = 4*u. Is g a composite number?
False
Let n(z) = 64*z**2 - 26*z + 215. Is n(-13) a composite number?
False
Let j = 58 - 53. Suppose 0 = q + 3*d + j, 6 = -4*q - 10*d + 5*d. Is (3898/(-6))/(q/(-3)) a prime number?
True
Let v = -187544 - -295779. Is v composite?
True
Suppose -30 = 64*g - 58*g. Let k(w) = 2*w**2 + 6*w + 38. Is k(g) composite?
True
Let f be (139*-1712)/8 + 8. Let y = -17851 - f. Is y a composite number?
False
Suppose -25*p + 26*p - 94 = 0. Suppose 101*u - p*u = 11543. Is u prime?
False
Let q be (610/70 - (-2)/7) + -4. Suppose 2*o - 2*u - 779 = -115, q*o = -u + 1678. Is o a prime number?
False
Let c = 9044 + 16347. Is c prime?
True
Suppose 30*y + 15*y = 135. Suppose y*m - 3361 = p + p, m - 3*p = 1132. Is m prime?
True
Let p = -789 - -1689. Suppose 3*r - 903 = -5*g + 3*g, p = 3*r + g. Is r a composite number?
True
Let h(m) = -3*m + 43. Let k be h(7). Let v(w) = 3*w**2 + 37*w + 15. Is v(k) a composite number?
False
Suppose -3*h + 265961 = -4*j, -5*h + 443249 = -5*j + 8*j. Is h a composite number?
False
Is (-11 - 46/(-4))/(5/4399490) a prime number?
True
Suppose 3*v + 51*c = 53*c + 151447, v - c - 50482 = 0. Is v composite?
True
Let t = 455313 + -284698. Is t a prime number?
False
Let k be (-9 + 4)*(-2)/5. Is 198282/(-126)*(-6)/k a composite number?
False
Suppose -5264 = -19*j + 33*j. Let r be 6/15 - (-34372)/20. Let v = r + j. Is v a prime number?
False
Let d = 193866 + -135725. Is d prime?
False
Suppose 0 = 2526*y - 2542*y + 12843344. Is y a prime number?
True
Suppose a - 115521 = -5*m, -11*m - 3*a = -9*m - 46198. Is m a prime number?
False
Suppose -2 = b, d = -0*d + 2*b + 113. Suppose 0 = -d*z + 111*z - 370. Is z composite?
True
Suppose 1992912 + 919729 = 105*n - 1591754. Is n prime?
True
Let y(g) = 648*g**2 + 581*g + 98. Is y(-37) a prime number?
False
Suppose -14*i + 289 + 747 = 0. Let n(x) = -x**3 + 10*x**2 - 7*x + 4. Let w be n(6). Suppose -w = -75*l + i*l. Is l a composite number?
True
Suppose o + 5837 = -2*o - 5*z, 9725 = -5*o - 5*z. Let g = 3343 + o. Is g a prime number?
True
Suppose 0 = -10*y - 38 + 178. Suppose 33 = -x - 2*j, j = 5*x + 41 + 157. Let a = y - x. Is a a prime number?
True
Let v = -82755 - -347366. Is v prime?
False
Suppose -48*r + 89*r - 2923423 = 0. Is r a composite number?
True
Let y(z) = 4*z + 19. Let u be y(4). Let c = 38 - u. Suppose h + 5 = 0, c*h = -2*f - 2*h + 2667. Is f prime?
False
Let f = -9450 - -17963. Is f composite?
False
Suppose -4604619 = -28*m + 1714697 - 938976. Is m a prime number?
False
Let x = -63 + 2. Let r = x - -199. Let m = r - 52. Is m a prime number?
False
Suppose 3*b - 97944 = 3*n, 196490 = 5*b + 2*n + 33257. Is b composite?
False
Suppose 18*v - 16*v + 4*q - 51762 = 0, -4*q - 103476 = -4*v. Is v prime?
True
Suppose 21 = -30*a + 531. Suppose 0 = -a*k + 12955 + 24088. Is k composite?
False
Let w = 156822 + -78049. Is w composite?
True
Let u(f) = f**2 - 13*f + 17. Let x be u(11). Let w(g) = -22*g**3 + 5*g**2 + 11*g - 1. Is w(x) a prime number?
True
Suppose -111794 = -6*h - 2*o, h - 10544 - 8083 = o. Is h a composite number?
True
Let t be 9/3*(-10 + 12). Let w(f) = -2*f**3 + 16*f**2 + 9*f - 7. Is w(t) a composite number?
False
Is (14/6 - 2)/(-4 - (-6161340)/1540332) a composite number?
False
Let k be 0/(9 + -8) - 2. Is 1511*((-2 - -1) + k - -4) a prime number?
True
Suppose -13*f + 456 = -f. Let z = f - 36. Suppose 6*u = 5*d + 3*u - 7400, -z*d + 3*u + 2969 = 0. Is d prime?
False
Let s = 51164 - 7139. Suppose 40*f - s = 25*f. Is f prime?
False
Suppose 4 = -5*z + 2*j, z - 3*j = -5 - 1. Let v(i) = -7 + 57 - i + i**2 + 2*i**2 + 65 + 3*i. Is v(z) composite?
True
Let g be (11188/(-8) + 8)*1*-2. Suppose 3*c - 3*q - 1359 = 324, q - g = -5*c. Is c a composite number?
False
Let r(s) = 2*s**2 - 13*s + 7. Let m be r(6). Let a be 3 - (1 - m)/5. Suppose -2*g + 2*w = -2728, 7*w + 1373 = g + a*w. Is g prime?
True
Let m = -335 + 986. Suppose -n - m = -1658. Is n a composite number?
True
Suppose 2*q - 28 = 5*c, -5*q + 3*c - c + 28 = 0. Suppose 0 = -4*x + 4, 8*x - 5713 = -z + q*x. Let g = 8212 - z. Is g a prime number?
True
Is 527265030/1479 - 2/58 prime?
True
Let c(f) = 20*f**2 + 171*f + 20. Is c(47) composite?
False
Let f = -58 - -64. Suppose f*n + 0 = 18. Suppose 1623 = 3*o - 3*j, 0 = 3*o - j - n*j - 1623. Is o a prime number?
True
Let a be ((-22)/4)/(23/(-46)). Suppose a*s = 14*s - 7737. Is s composite?
False
Suppose 0 = -0*w + 5*w - 2*l + 19, 5 = w + 4*l. Let j be -3 + (w - -2 - -3668). Suppose -7*q = -7137 - j. Is q a composite number?
False
Let p be 372*8/(-21) + 4/(-14). Let b = -121 - p. Is b a prime number?
False
Let j(a) = -221*a + 74. Suppose -7*g - 13 - 176 = 0. Is j(g) prime?
False
Suppose -9 = -l + 5*h + 25, 0 = 5*h + 25. Suppose -110 = 4*f - l*f. Suppose 21*z = f*z - 233. Is z composite?
False
Let x(l) = -l**3 + 6*l**2 + 7*l + 1. Let s be x(7). Let d be (s - 6/(-4))*(-12)/15. Is (-3 - d) + 54*(18 - 1) a composite number?
True
Suppose -8*b - 335478 = 18*b. Let z = b - -23126. Is z a prime number?
True
Is ((-570)/(-18) + -32)/((-2)/1088574) a composite number?
True
Suppose 2*a - f - 2236 = 0, 4*a - f = -4*f + 4472. Let v be a/(-4) + (21/(-6) - -4). Let c = v + 1168. Is c composite?
True
Let h(l) = l**3 - 11*l**2 + 7*l. Let q be h(11). Let t = -73 + q. Suppose 3*g - 522 = t*w + w, 5*g - w = 892. Is g prime?
True
Suppose 114 = -6*o + 114. Suppose f = 3*d - o*f - 16618, -4*d = -3*f - 22149. Is d a prime number?
False
Suppose -3*f = -3*x - 6*f + 2367, -5*f = 4*x - 3158. Is x a prime number?
True
Let a(s) = 2*s - s**2 + 4 - 13 + 7*s + 0*s**2. Let g be a(7). Suppose -5*f - 4*m + 4481 = -3414, 0 = g*f - m - 7920. Is f a composite number?
False
Let w be (-1)/((-2)/(-10))*(-100)/125. Suppose 0 = -t - w*y + 36897, -14*y = t - 17*y - 36869. Is t prime?
False
Suppose 0 = 5*d + 1187 - 1217, -348067 = -z + d. Is z prime?
False
Let f be (-954 + -2)*(-6)/(240/25150). Suppose -14*l = 134703 - f. Is l a prime number?
False
Let s = 185311 - -117408. Is s composite?
True
Let t = 31035 - 2906. Is t composite?
True
Let k be 190/70 - (-10)/35. Suppose k*f = 25071 + 47394. Is f prime?
False
Suppose 0 = -h + 5*h - 12. Let a(v) = v**2 + 49*v + 601. Let z be a(-26). Suppose 0 = 2*u + h*u + 3*n - 2209, z*n + 2221 = 5*u. Is u a composite number?
False
Let r = 6 + -9. Let x = -3 - r. Suppose -a - 4*a = 3*k - 3053, x = -a - 3*k + 601. Is a a prime number?
True
Let j = 586 + -583. Is 6470 + (2 - 9/j) a prime number?
True
Suppose -i - 7634 = -5*v, -v + 0*i + 1528 = i. Is -2*(-4)/8 + 1 + v composite?
True
Let a(w) be the third derivative of -75*w**4/8 + 7*w**3/6 + w**2 - 36. Let o be 2*1 + -2 + -4. Is a(o) composite?
False
Let c = 78 - 68. Suppose 3*l - 2*t - c = -3*t, -2*t = -2*l - 4. Is 1094 - 5/(l/(-2)) a prime number?
False
Let a be (-9)/3 - (58 - 2). Let m = -69 - a. Let r(z) = -z**2 - 24*z + 9. Is r(m) prime?
True
Suppose -9*m + 10*m = 1995. Let x = m - 3651. Let r = 1709 - x. Is r a compo